) = -707*t - 5. Let h(z) = 353*z + 2. Let w(k) = 4*g(k) + 9*h(k). What is the units digit of w(1)?
7
Suppose 3*u - 760 = 3*a - 3022, 3*a - 2261 = 2*u. What is the hundreds digit of a?
7
Suppose 5*h + 13 = 43. What is the hundreds digit of 1072/12*9/h?
1
Suppose h + 5*j - 4 = 5*h, 1 = -h + 3*j. What is the units digit of h*(4 - (3 - -14))?
3
Let n = 19 - 13. Let b = -3 + n. Suppose -b*k = -4*f + 185, -k = -4*f + 263 - 76. What is the tens digit of f?
4
Let i(f) = 1 + 3*f + 2 + 4 - 4 + f**2. What is the tens digit of i(-8)?
4
Let v = 2 + 1834. What is the tens digit of v?
3
Let h(t) = t**2 - 11*t + 3. Let p be h(9). Let d be (-10)/p - (-78)/(-9). Let b = d - -29. What is the tens digit of b?
2
What is the hundreds digit of 1385 + 63/(4 + 3)?
3
Let w = -33 - -47. Suppose -g - s = -w, -3*g - 4*s - s = -52. What is the units digit of 505/15 + 3/g?
4
Suppose 3 = 3*h - 3. Suppose b - 27 = -3*u, 0 = 2*b - h*u + 20 - 50. What is the tens digit of b?
1
Let c(f) = -3*f + f - 2*f - 2*f + 3*f**2. Let m be c(5). Let o = m + -28. What is the tens digit of o?
1
What is the tens digit of -1802*(6 - 9)/6?
0
What is the thousands digit of ((-121748)/(-77) - -9) + 2/(-14)?
1
Suppose i - 4 + 1 = 0. Suppose i*y + y = 0. Suppose y = -4*k + 55 + 29. What is the tens digit of k?
2
Let c = 5 - -2. Suppose -c - 13 = -4*h. Let b = h - -23. What is the units digit of b?
8
Let z = 367 + 991. What is the units digit of z?
8
Let f(z) = z**2 + 12*z - 13. Suppose 4*s + 2*s + 84 = 0. Let j be f(s). Suppose 2*k + j - 39 = 0. What is the units digit of k?
2
Suppose 4*g = 2*u - 276, 3*u - 465 + 78 = -3*g. What is the hundreds digit of u?
1
What is the hundreds digit of 311 - 20/8*-2?
3
What is the tens digit of -6319*(-10 + 2 + 7)?
1
Suppose -z - 6*z = -560. What is the units digit of z?
0
Let r = -2 - -10. Suppose -r = -3*d + d. Suppose -d*w + 6*w + y = 58, -28 = -w - y. What is the tens digit of w?
3
Suppose -3*x - 85 = -76. What is the hundreds digit of x - (-143 - 8/2)?
1
Let p be 4/14*14/2. Suppose -p*g = -x, 5*g + 0*x - 14 = -x. Suppose -g*y = y - 111. What is the units digit of y?
7
Suppose -1640 = -5*p - 2*o, 5*p = -o + 1061 + 584. What is the tens digit of p?
3
Let i(p) = 276*p - 107. What is the units digit of i(3)?
1
What is the hundreds digit of (-41496)/(-285) + 6/(-10)?
1
Let z(o) = -o + 5. Let j be z(5). Let k be (j - (-5 - 0))*-8. Let c = -24 - k. What is the tens digit of c?
1
Let w(k) = k**2 - 4*k - 9. Let d be w(11). Let t = 150 - d. Let r = t + -54. What is the tens digit of r?
2
Suppose 17*p - 17 = -z + 12*p, 4*z = -p + 144. What is the units digit of z?
7
Let g = -78 + 162. Let c be 15*7/(g/8). Suppose x + c = 5*d, x - 25 = -4*x. What is the units digit of d?
3
Suppose 5*y - 4*y + 3 = 0. Let v = -10 + 103. What is the tens digit of (-1)/((-282)/v - y)?
3
Let c(z) be the third derivative of z**6/120 + z**5/60 - 41*z**3/3 + 4*z**2. Let g be c(0). Let x = g - -118. What is the units digit of x?
6
Let l(n) = 58 + 10*n**2 - 4*n**2 - 58 + n**3 - 2*n. What is the units digit of l(-5)?
5
Let u(c) = -c**3 + 17*c**2 + 32*c + 22. What is the tens digit of u(18)?
7
Let c(w) = 21*w**2 - 2*w - 39. What is the tens digit of c(7)?
7
Let r = 1733 - 1118. What is the tens digit of r?
1
Let a(x) = 3*x**3 - 5*x**2 - 4*x + 3. Let r be a(4). Suppose 0 = 11*n - 14*n + r. What is the units digit of n?
3
What is the units digit of ((-153)/(-85))/(6/2860)?
8
Let t = 25 + -21. Suppose -t*r = -5*a + 149, -2*r - 21 = -a + r. What is the units digit of a?
3
Let v(q) = -11*q**2 + 4*q + 9. Let z be v(4). Let o = z + 318. What is the units digit of o?
7
Let w(j) = -j - 1. Let q be (-4)/12 - (-15)/(-9). Let t(x) = 17*x + 2. Let f(h) = q*w(h) - t(h). What is the tens digit of f(-2)?
3
Suppose -5 = -o - 20. Let g = o - -18. Suppose 0*w + 90 = g*w. What is the units digit of w?
0
What is the units digit of (-1 + 31)*6/4?
5
Suppose -5*p - 1244 = 4801. Let c be (-4)/18 + p/27. What is the units digit of c/(-2)*24/30?
8
Let w(l) be the third derivative of 1/60*l**5 - l**2 - 7/6*l**3 + 0 + 0*l - 1/12*l**4. What is the tens digit of w(6)?
1
Suppose 4*k - 2*c = -5*c + 20, 0 = -2*k - 5*c + 10. Suppose -15 = -3*i, -k*u + 3*i + i - 15 = 0. What is the tens digit of ((-20)/(-5))/(u/4)?
1
Suppose -6*y = -795 - 291. What is the units digit of y?
1
Let l be (-507 - 0)/(7/(-21)*3). Let n = l + -235. What is the units digit of n?
2
Suppose 754 = 7*q - 996. What is the tens digit of q?
5
Let j be 26/8 + 3/(-12). Let o(a) = -4*a + 5*a**2 + 3*a**3 - 6*a**3 + 2 + 2*a**3. What is the units digit of o(j)?
8
Let z = -65 + 75. Suppose 11*r = z*r + 28. What is the tens digit of r?
2
Let w = 62 + -99. Let o = 97 + w. Suppose 0*n + 5*n - o = -3*x, -x + 50 = 5*n. What is the units digit of n?
9
Let k(m) = 4*m**3 - m**2 + m. Let a be k(1). Let t(c) = -c**3 - 4*c**2 - 3*c + 1. Let u be t(-4). Let z = u - a. What is the units digit of z?
9
What is the units digit of (-8200)/(-36) + (4/(-9))/(-2)?
8
Suppose 40*m - 9 = 41*m. Let g(t) = -2*t**2 - 23*t - 5. What is the tens digit of g(m)?
4
Suppose -4*s - 5*l + 10 = -33, 5*s - 59 = -l. Suppose o = -2*b - 19 + 2, 4*o = -b - s. What is the units digit of ((-51)/(-6)*b)/(-2)?
4
Let p(f) = 2*f + 15. Let m be p(-5). Suppose 0 = -4*k + 5*y + 326, 262 = k + 2*k + m*y. What is the tens digit of k?
8
Let l(y) = -y**2 + 4. Let v(f) = -f**2 + f + 4. Let g(c) = 2*l(c) - 3*v(c). What is the tens digit of g(-8)?
8
Suppose 2*y - 102 - 60 = 0. What is the tens digit of y?
8
Suppose 335 = g - 27. Suppose j + 2 = 0, 5*l - 2*j - g = 332. Suppose 4*x = 2*c + l, c - 155 = -2*x - 3*x. What is the units digit of x?
2
Let t = 47 + -42. Suppose -4*x + 3*z + 19 = -169, -t*x + 5*z + 240 = 0. What is the tens digit of x?
4
Let h = -733 + 820. What is the units digit of h?
7
Let j(k) = 15*k + 4. Let h be j(4). Let m = h - -13. Let v = m - 35. What is the tens digit of v?
4
Let o(d) = -d**2 + 4*d + 3. Let y be o(4). Suppose g = 4*g - y. What is the units digit of g?
1
Let l(a) = 12*a + 21. Suppose 9*w = 44 + 91. What is the tens digit of l(w)?
0
Let l be -642*((18 - 18) + (-1)/3). Let h = l + -49. What is the hundreds digit of h?
1
Let j = 136 - 70. Suppose -k + 66 = -j. What is the tens digit of k?
3
Suppose 0 = 4*z + 8, 2*y - 2*z = 3*y - 1. Let d(q) = -q**3 + 6*q**2 - 3*q + 22. What is the tens digit of d(y)?
3
What is the units digit of ((-10)/10)/((-3)/1857)?
9
Let g be -2*(534/(-4) - -4). Suppose 3*b - g = s, -5*b + 3*b + 2*s + 170 = 0. What is the tens digit of b?
8
Suppose 0 = 10*y - 1120 - 27290. What is the tens digit of y?
4
Suppose 2*g = 2*s + 14, -g + 4*g = -2*s + 36. Suppose g*j = 6*j + 72. Suppose j = 3*u + 6. What is the units digit of u?
4
Let z = -54 + 57. Suppose z*m - 2*o - 454 = -m, -5*m + 567 = -3*o. What is the units digit of m?
4
Suppose -1031*p + 1037*p = 8670. What is the thousands digit of p?
1
Suppose -4*x - 285 = -1233. What is the hundreds digit of x?
2
Suppose -2*f - 29 = -11. Let h(b) = 2*b**2 - 5*b - 7. What is the hundreds digit of h(f)?
2
Suppose -8*p - p - 36 = 0. What is the units digit of 446/4 + p/24*-3?
2
Let l = 95 + -64. Suppose 22*b + 1125 = l*b. What is the units digit of b?
5
Suppose 2*y = 4*y. Suppose y = -11*k + 12*k - 1. Suppose x = -k + 17. What is the units digit of x?
6
Let q = 4 - 8. Let s = q - -8. Suppose 0 = -s*z + 5*r + 27, -7*r + 37 = 4*z - 2*r. What is the units digit of z?
8
Let r be (-18)/(-4)*(-260)/(-15). Let c = r - 20. What is the tens digit of c?
5
Let k(w) be the third derivative of -w**4/12 + 3*w**3 + 9*w**2. Suppose n + 3*n - 42 = 5*t, -2*t = 4*n - 28. What is the units digit of k(n)?
2
Let m = 484 + -230. Suppose -326 - m = -3*x - 5*y, -944 = -5*x + 3*y. What is the units digit of x?
0
Suppose -n + 0*n - 3*q = 21, 4*n = 3*q - 24. Let u be (-22)/(-4) - n/(-6). Suppose 0 = -u*b + 16, -53 + 7 = -5*h - 4*b. What is the units digit of h?
6
Let u(n) = -4*n + 13. Let x be (-715)/(-22) - 3/(-2). Let f = 26 - x. What is the units digit of u(f)?
5
Let h be -5 + ((-60)/(-4))/(-5). Let s = 0 + h. Let q(j) = j**2 + 3*j - 3. What is the units digit of q(s)?
7
Let d(q) = -3*q**3 - q**2 - q. Let p be d(-1). Suppose 0 = s + 3*i - 61, -3*s - 2*s - p*i + 305 = 0. What is the tens digit of s?
6
What is the hundreds digit of (-4*4/(-8))/(4/592)?
2
Suppose 5